{"id":485,"date":"2026-01-15T19:02:47","date_gmt":"2026-01-15T19:02:47","guid":{"rendered":"https:\/\/die-villa.at\/?page_id=485"},"modified":"2026-01-25T22:10:02","modified_gmt":"2026-01-25T21:10:02","slug":"anfahrt","status":"publish","type":"page","link":"https:\/\/die-villa.at\/en\/anfahrt\/","title":{"rendered":"Approach"},"content":{"rendered":"<div data-elementor-type=\"wp-page\" data-elementor-id=\"485\" class=\"elementor elementor-485\" data-elementor-post-type=\"page\">\n\t\t\t\t<div class=\"elementor-element elementor-element-84ee596 e-flex e-con-boxed e-con e-parent\" data-id=\"84ee596\" data-element_type=\"container\" data-e-type=\"container\" data-settings=\"{&quot;background_background&quot;:&quot;classic&quot;}\">\n\t\t\t\t\t<div class=\"e-con-inner\">\n\t\t\t\t<div class=\"elementor-element elementor-element-049bf88 elementor-pagination-position-inside elementor-skin-carousel elementor-arrows-yes elementor-pagination-type-bullets elementor-invisible elementor-widget elementor-widget-media-carousel\" data-id=\"049bf88\" data-element_type=\"widget\" data-e-type=\"widget\" data-settings=\"{&quot;effect&quot;:&quot;fade&quot;,&quot;_animation&quot;:&quot;fadeIn&quot;,&quot;skin&quot;:&quot;carousel&quot;,&quot;show_arrows&quot;:&quot;yes&quot;,&quot;pagination&quot;:&quot;bullets&quot;,&quot;speed&quot;:500,&quot;autoplay&quot;:&quot;yes&quot;,&quot;autoplay_speed&quot;:5000,&quot;loop&quot;:&quot;yes&quot;,&quot;pause_on_hover&quot;:&quot;yes&quot;,&quot;pause_on_interaction&quot;:&quot;yes&quot;,&quot;space_between&quot;:{&quot;unit&quot;:&quot;px&quot;,&quot;size&quot;:10,&quot;sizes&quot;:[]},&quot;space_between_tablet&quot;:{&quot;unit&quot;:&quot;px&quot;,&quot;size&quot;:10,&quot;sizes&quot;:[]},&quot;space_between_mobile&quot;:{&quot;unit&quot;:&quot;px&quot;,&quot;size&quot;:10,&quot;sizes&quot;:[]}}\" data-widget_type=\"media-carousel.default\">\n\t\t\t\t\t\t\t\t\t\t<div class=\"elementor-main-swiper swiper\" role=\"region\" aria-roledescription=\"carousel\" aria-label=\"Slides\">\n\t\t\t\t<div class=\"swiper-wrapper\">\n\t\t\t\t\t\t\t\t\t\t\t<div class=\"swiper-slide\" role=\"group\" aria-roledescription=\"slide\">\n\t\t\t\t\t\t\t\t\t<div class=\"elementor-carousel-image\" role=\"img\" aria-label=\"01\" style=\"background-image: url(&#039;https:\/\/die-villa.at\/wp-content\/uploads\/2026\/01\/01.jpg&#039;)\">\n\n\t\t\t\n\t\t\t\t\t<\/div>\n\t\t\t\t\t\t\t\t<\/div>\n\t\t\t\t\t\t\t\t\t<\/div>\n\t\t\t\t\t\t\t<\/div>\n\t\t\t\t\t\t\t\t<\/div>\n\t\t\t\t\t<\/div>\n\t\t\t\t<\/div>\n\t\t<div class=\"elementor-element elementor-element-0c9bead e-flex e-con-boxed e-con e-parent\" data-id=\"0c9bead\" data-element_type=\"container\" data-e-type=\"container\">\n\t\t\t\t\t<div class=\"e-con-inner\">\n\t\t<div class=\"elementor-element elementor-element-af01536 e-con-full elementor-hidden-mobile e-flex e-con e-child\" data-id=\"af01536\" data-element_type=\"container\" data-e-type=\"container\">\n\t\t\t\t<div class=\"elementor-element elementor-element-c92ff77 elementor-hidden-mobile elementor-widget elementor-widget-template\" data-id=\"c92ff77\" data-element_type=\"widget\" data-e-type=\"widget\" data-widget_type=\"template.default\">\n\t\t\t\t<div class=\"elementor-widget-container\">\n\t\t\t\t\t\t\t<div class=\"elementor-template\">\n\t\t\t\t\t<div data-elementor-type=\"section\" data-elementor-id=\"607\" class=\"elementor elementor-607\" data-elementor-post-type=\"elementor_library\">\n\t\t\t<div class=\"elementor-element elementor-element-6ff4155 e-con-full e-flex e-con e-child\" data-id=\"6ff4155\" data-element_type=\"container\" data-e-type=\"container\">\n\t\t\t\t<div class=\"elementor-element elementor-element-fac6851 elementor-widget elementor-widget-heading\" data-id=\"fac6851\" data-element_type=\"widget\" data-e-type=\"widget\" data-widget_type=\"heading.default\">\n\t\t\t\t\t<h2 class=\"elementor-heading-title elementor-size-default\">Dates (Theater)\n<\/h2>\t\t\t\t<\/div>\n\t\t\t\t<div class=\"elementor-element elementor-element-36ddcca elementor-icon-list--layout-traditional elementor-list-item-link-full_width elementor-widget elementor-widget-icon-list\" data-id=\"36ddcca\" data-element_type=\"widget\" data-e-type=\"widget\" data-widget_type=\"icon-list.default\">\n\t\t\t\t\t\t\t<ul class=\"elementor-icon-list-items\">\n\t\t\t\t\t\t\t<li class=\"elementor-icon-list-item\">\n\t\t\t\t\t\t\t\t\t\t\t<span class=\"elementor-icon-list-icon\">\n\t\t\t\t\t\t\t<svg aria-hidden=\"true\" class=\"e-font-icon-svg e-fas-chevron-right\" viewbox=\"0 0 320 512\" xmlns=\"http:\/\/www.w3.org\/2000\/svg\"><path d=\"M285.476 272.971L91.132 467.314c-9.373 9.373-24.569 9.373-33.941 0l-22.667-22.667c-9.357-9.357-9.375-24.522-.04-33.901L188.505 256 34.484 101.255c-9.335-9.379-9.317-24.544.04-33.901l22.667-22.667c9.373-9.373 24.569-9.373 33.941 0L285.475 239.03c9.373 9.372 9.373 24.568.001 33.941z\"><\/path><\/svg>\t\t\t\t\t\t<\/span>\n\t\t\t\t\t\t\t\t\t\t<span class=\"elementor-icon-list-text\">Terror - Staircase Theater<\/span>\n\t\t\t\t\t\t\t\t\t<\/li>\n\t\t\t\t\t\t<\/ul>\n\t\t\t\t\t\t<\/div>\n\t\t\t\t<div class=\"elementor-element elementor-element-17bc3a3 elementor-widget elementor-widget-text-editor\" data-id=\"17bc3a3\" data-element_type=\"widget\" data-e-type=\"widget\" data-widget_type=\"text-editor.default\">\n\t\t\t\t\t\t\t\t\t<p>Friday, March 01, 2024<br \/>Saturday, March 02, 2024<br \/>Friday, March 08, 2024<br \/>Saturday, March 09, 2024<br \/>Sunday, March 10, 2024<\/p>\t\t\t\t\t\t\t\t<\/div>\n\t\t\t\t<div class=\"elementor-element elementor-element-46acf69 elementor-icon-list--layout-traditional elementor-list-item-link-full_width elementor-widget elementor-widget-icon-list\" data-id=\"46acf69\" data-element_type=\"widget\" data-e-type=\"widget\" data-widget_type=\"icon-list.default\">\n\t\t\t\t\t\t\t<ul class=\"elementor-icon-list-items\">\n\t\t\t\t\t\t\t<li class=\"elementor-icon-list-item\">\n\t\t\t\t\t\t\t\t\t\t\t<a href=\"https:\/\/die-villa.at\/en\/konzerte-termine\/\">\n\n\t\t\t\t\t\t\t\t\t\t\t\t<span class=\"elementor-icon-list-icon\">\n\t\t\t\t\t\t\t<svg aria-hidden=\"true\" class=\"e-font-icon-svg e-fas-chevron-right\" viewbox=\"0 0 320 512\" xmlns=\"http:\/\/www.w3.org\/2000\/svg\"><path d=\"M285.476 272.971L91.132 467.314c-9.373 9.373-24.569 9.373-33.941 0l-22.667-22.667c-9.357-9.357-9.375-24.522-.04-33.901L188.505 256 34.484 101.255c-9.335-9.379-9.317-24.544.04-33.901l22.667-22.667c9.373-9.373 24.569-9.373 33.941 0L285.475 239.03c9.373 9.372 9.373 24.568.001 33.941z\"><\/path><\/svg>\t\t\t\t\t\t<\/span>\n\t\t\t\t\t\t\t\t\t\t<span class=\"elementor-icon-list-text\">more...<\/span>\n\t\t\t\t\t\t\t\t\t\t\t<\/a>\n\t\t\t\t\t\t\t\t\t<\/li>\n\t\t\t\t\t\t<\/ul>\n\t\t\t\t\t\t<\/div>\n\t\t\t\t<\/div>\n\t\t\t\t<\/div>\n\t\t\t\t<\/div>\n\t\t\t\t\t\t<\/div>\n\t\t\t\t<\/div>\n\t\t\t\t<\/div>\n\t\t<div class=\"elementor-element elementor-element-b10fa7f e-con-full e-flex e-con e-child\" data-id=\"b10fa7f\" data-element_type=\"container\" data-e-type=\"container\">\n\t\t\t\t<div class=\"elementor-element elementor-element-f0a7a06 elementor-widget elementor-widget-heading\" data-id=\"f0a7a06\" data-element_type=\"widget\" data-e-type=\"widget\" data-widget_type=\"heading.default\">\n\t\t\t\t\t<h2 class=\"elementor-heading-title elementor-size-default\">Approach<\/h2>\t\t\t\t<\/div>\n\t\t\t\t<div class=\"elementor-element elementor-element-a500b9c elementor-widget elementor-widget-text-editor\" data-id=\"a500b9c\" data-element_type=\"widget\" data-e-type=\"widget\" data-widget_type=\"text-editor.default\">\n\t\t\t\t\t\t\t\t\t<p>liegt am westlichen Ortseingang von Pinswang und ist von F\u00fcssen, Vils und Reutte aus in wenigen Autominuten erreichbar.<br \/><br \/><strong><span style=\"color: #000000;\">Auto<\/span>:<\/strong><br \/>Ulm &#8211; Kempten (A7) &#8211; 1. Ausfahrt nach dem Grenztunnel F\u00fcssen<br \/>Augsburg \/ M\u00fcnchen &#8211; Landsberg &#8211; Schongau &#8211; Steingaden &#8211; F\u00fcssen<br \/>Innsbruck &#8211; (A12) Richtung Bregenz &#8211; Fernpass &#8211; Reutte<br \/>Z\u00fcrich &#8211; Bregenz &#8211; Lindau &#8211; Isny &#8211; Kempten (A7) &#8211; 1. Ausfahrt nach dem Grenztunnel F\u00fcssen<br \/><br \/><strong><span style=\"color: #000000;\">Bahn<\/span>:<\/strong><br \/>M\u00fcnchen &#8211; F\u00fcssen<br \/>Kempten &#8211; Pfronten &#8211; Ulrichsbr\u00fccke<br \/>Innsbruck &#8211; Reutte &#8211; Ulrichsbr\u00fccke<br \/><br \/><strong><span style=\"color: #000000;\">Flugzeug<\/span>:<\/strong><br \/>Flughafen Innsbruck &#8211; 100 km<br \/>Flughafen M\u00fcnchen &#8211; 150 km<br \/>Flughafen Memmingen &#8211; 80 km<\/p>\t\t\t\t\t\t\t\t<\/div>\n\t\t\t\t<\/div>\n\t\t\t\t\t<\/div>\n\t\t\t\t<\/div>\n\t\t\t\t<\/div>","protected":false},"excerpt":{"rendered":"<p>Anfahrt liegt am westlichen Ortseingang von Pinswang und ist von F\u00fcssen, Vils und Reutte aus in wenigen Autominuten erreichbar. Auto: Ulm &#8211; Kempten (A7) &#8211; 1. Ausfahrt nach dem Grenztunnel F\u00fcssen Augsburg \/ M\u00fcnchen &#8211; Landsberg &#8211; Schongau &#8211; Steingaden &#8211; F\u00fcssen Innsbruck &#8211; (A12) Richtung Bregenz &#8211; Fernpass &#8211; Reutte Z\u00fcrich &#8211; Bregenz &#8211; [&hellip;]<\/p>\n","protected":false},"author":2,"featured_media":0,"parent":0,"menu_order":0,"comment_status":"closed","ping_status":"closed","template":"elementor_header_footer","meta":{"footnotes":""},"class_list":["post-485","page","type-page","status-publish","hentry"],"_links":{"self":[{"href":"https:\/\/die-villa.at\/en\/wp-json\/wp\/v2\/pages\/485","targetHints":{"allow":["GET"]}}],"collection":[{"href":"https:\/\/die-villa.at\/en\/wp-json\/wp\/v2\/pages"}],"about":[{"href":"https:\/\/die-villa.at\/en\/wp-json\/wp\/v2\/types\/page"}],"author":[{"embeddable":true,"href":"https:\/\/die-villa.at\/en\/wp-json\/wp\/v2\/users\/2"}],"replies":[{"embeddable":true,"href":"https:\/\/die-villa.at\/en\/wp-json\/wp\/v2\/comments?post=485"}],"version-history":[{"count":10,"href":"https:\/\/die-villa.at\/en\/wp-json\/wp\/v2\/pages\/485\/revisions"}],"predecessor-version":[{"id":712,"href":"https:\/\/die-villa.at\/en\/wp-json\/wp\/v2\/pages\/485\/revisions\/712"}],"wp:attachment":[{"href":"https:\/\/die-villa.at\/en\/wp-json\/wp\/v2\/media?parent=485"}],"curies":[{"name":"wp","href":"https:\/\/api.w.org\/{rel}","templated":true}]}}

<div data-elementor-type="wp-page" data-elementor-id="485" class="elementor elementor-485" data-elementor-post-type="page">
				<div class="elementor-element elementor-element-84ee596 e-flex e-con-boxed e-con e-parent" data-id="84ee596" data-element_type="container" data-e-type="container" data-settings="{&quot;background_background&quot;:&quot;classic&quot;}">
					<div class="e-con-inner">
				<div class="elementor-element elementor-element-049bf88 elementor-pagination-position-inside elementor-skin-carousel elementor-arrows-yes elementor-pagination-type-bullets elementor-invisible elementor-widget elementor-widget-media-carousel" data-id="049bf88" data-element_type="widget" data-e-type="widget" data-settings="{&quot;effect&quot;:&quot;fade&quot;,&quot;_animation&quot;:&quot;fadeIn&quot;,&quot;skin&quot;:&quot;carousel&quot;,&quot;show_arrows&quot;:&quot;yes&quot;,&quot;pagination&quot;:&quot;bullets&quot;,&quot;speed&quot;:500,&quot;autoplay&quot;:&quot;yes&quot;,&quot;autoplay_speed&quot;:5000,&quot;loop&quot;:&quot;yes&quot;,&quot;pause_on_hover&quot;:&quot;yes&quot;,&quot;pause_on_interaction&quot;:&quot;yes&quot;,&quot;space_between&quot;:{&quot;unit&quot;:&quot;px&quot;,&quot;size&quot;:10,&quot;sizes&quot;:[]},&quot;space_between_tablet&quot;:{&quot;unit&quot;:&quot;px&quot;,&quot;size&quot;:10,&quot;sizes&quot;:[]},&quot;space_between_mobile&quot;:{&quot;unit&quot;:&quot;px&quot;,&quot;size&quot;:10,&quot;sizes&quot;:[]}}" data-widget_type="media-carousel.default">
										<div class="elementor-main-swiper swiper" role="region" aria-roledescription="carousel" aria-label="Slides">
				<div class="swiper-wrapper">
											<div class="swiper-slide" role="group" aria-roledescription="slide">
									<div class="elementor-carousel-image" role="img" aria-label="01" style="background-image: url(&#039;https://die-villa.at/wp-content/uploads/2026/01/01.jpg&#039;)">

			
					</div>
								</div>
									</div>
							</div>
								</div>
					</div>
				</div>
		<div class="elementor-element elementor-element-0c9bead e-flex e-con-boxed e-con e-parent" data-id="0c9bead" data-element_type="container" data-e-type="container">
					<div class="e-con-inner">
		<div class="elementor-element elementor-element-af01536 e-con-full elementor-hidden-mobile e-flex e-con e-child" data-id="af01536" data-element_type="container" data-e-type="container">
				<div class="elementor-element elementor-element-c92ff77 elementor-hidden-mobile elementor-widget elementor-widget-template" data-id="c92ff77" data-element_type="widget" data-e-type="widget" data-widget_type="template.default">
				<div class="elementor-widget-container">
							<div class="elementor-template">
					<div data-elementor-type="section" data-elementor-id="607" class="elementor elementor-607" data-elementor-post-type="elementor_library">
			<div class="elementor-element elementor-element-6ff4155 e-con-full e-flex e-con e-child" data-id="6ff4155" data-element_type="container" data-e-type="container">
				<div class="elementor-element elementor-element-fac6851 elementor-widget elementor-widget-heading" data-id="fac6851" data-element_type="widget" data-e-type="widget" data-widget_type="heading.default">
					<h2 class="elementor-heading-title elementor-size-default">Dates (Theater)
</h2>				</div>
				<div class="elementor-element elementor-element-36ddcca elementor-icon-list--layout-traditional elementor-list-item-link-full_width elementor-widget elementor-widget-icon-list" data-id="36ddcca" data-element_type="widget" data-e-type="widget" data-widget_type="icon-list.default">
							<ul class="elementor-icon-list-items">
							<li class="elementor-icon-list-item">
											<span class="elementor-icon-list-icon">
							<svg aria-hidden="true" class="e-font-icon-svg e-fas-chevron-right" viewbox="0 0 320 512" xmlns="http://www.w3.org/2000/svg"><path d="M285.476 272.971L91.132 467.314c-9.373 9.373-24.569 9.373-33.941 0l-22.667-22.667c-9.357-9.357-9.375-24.522-.04-33.901L188.505 256 34.484 101.255c-9.335-9.379-9.317-24.544.04-33.901l22.667-22.667c9.373-9.373 24.569-9.373 33.941 0L285.475 239.03c9.373 9.372 9.373 24.568.001 33.941z"></path></svg>						</span>
										<span class="elementor-icon-list-text">Terror - Staircase Theater</span>
									</li>
						</ul>
						</div>
				<div class="elementor-element elementor-element-17bc3a3 elementor-widget elementor-widget-text-editor" data-id="17bc3a3" data-element_type="widget" data-e-type="widget" data-widget_type="text-editor.default">
									<p>Friday, March 01, 2024<br />Saturday, March 02, 2024<br />Friday, March 08, 2024<br />Saturday, March 09, 2024<br />Sunday, March 10, 2024</p>								</div>
				<div class="elementor-element elementor-element-46acf69 elementor-icon-list--layout-traditional elementor-list-item-link-full_width elementor-widget elementor-widget-icon-list" data-id="46acf69" data-element_type="widget" data-e-type="widget" data-widget_type="icon-list.default">
							<ul class="elementor-icon-list-items">
							<li class="elementor-icon-list-item">
											<a href="https://die-villa.at/en/konzerte-termine/">

												<span class="elementor-icon-list-icon">
							<svg aria-hidden="true" class="e-font-icon-svg e-fas-chevron-right" viewbox="0 0 320 512" xmlns="http://www.w3.org/2000/svg"><path d="M285.476 272.971L91.132 467.314c-9.373 9.373-24.569 9.373-33.941 0l-22.667-22.667c-9.357-9.357-9.375-24.522-.04-33.901L188.505 256 34.484 101.255c-9.335-9.379-9.317-24.544.04-33.901l22.667-22.667c9.373-9.373 24.569-9.373 33.941 0L285.475 239.03c9.373 9.372 9.373 24.568.001 33.941z"></path></svg>						</span>
										<span class="elementor-icon-list-text">more...</span>
											</a>
									</li>
						</ul>
						</div>
				</div>
				</div>
				</div>
						</div>
				</div>
				</div>
		<div class="elementor-element elementor-element-b10fa7f e-con-full e-flex e-con e-child" data-id="b10fa7f" data-element_type="container" data-e-type="container">
				<div class="elementor-element elementor-element-f0a7a06 elementor-widget elementor-widget-heading" data-id="f0a7a06" data-element_type="widget" data-e-type="widget" data-widget_type="heading.default">
					<h2 class="elementor-heading-title elementor-size-default">Approach</h2>				</div>
				<div class="elementor-element elementor-element-a500b9c elementor-widget elementor-widget-text-editor" data-id="a500b9c" data-element_type="widget" data-e-type="widget" data-widget_type="text-editor.default">
									<p>liegt am westlichen Ortseingang von Pinswang und ist von Füssen, Vils und Reutte aus in wenigen Autominuten erreichbar.<br /><br /><strong><span style="color: #000000;">Auto</span>:</strong><br />Ulm &#8211; Kempten (A7) &#8211; 1. Ausfahrt nach dem Grenztunnel Füssen<br />Augsburg / München &#8211; Landsberg &#8211; Schongau &#8211; Steingaden &#8211; Füssen<br />Innsbruck &#8211; (A12) Richtung Bregenz &#8211; Fernpass &#8211; Reutte<br />Zürich &#8211; Bregenz &#8211; Lindau &#8211; Isny &#8211; Kempten (A7) &#8211; 1. Ausfahrt nach dem Grenztunnel Füssen<br /><br /><strong><span style="color: #000000;">Bahn</span>:</strong><br />München &#8211; Füssen<br />Kempten &#8211; Pfronten &#8211; Ulrichsbrücke<br />Innsbruck &#8211; Reutte &#8211; Ulrichsbrücke<br /><br /><strong><span style="color: #000000;">Flugzeug</span>:</strong><br />Flughafen Innsbruck &#8211; 100 km<br />Flughafen München &#8211; 150 km<br />Flughafen Memmingen &#8211; 80 km</p>								</div>
				</div>
					</div>
				</div>
				</div>

<p>Anfahrt liegt am westlichen Ortseingang von Pinswang und ist von Füssen, Vils und Reutte aus in wenigen Autominuten erreichbar. Auto: Ulm &#8211; Kempten (A7) &#8211; 1. Ausfahrt nach dem Grenztunnel Füssen Augsburg / München &#8211; Landsberg &#8211; Schongau &#8211; Steingaden &#8211; Füssen Innsbruck &#8211; (A12) Richtung Bregenz &#8211; Fernpass &#8211; Reutte Zürich &#8211; Bregenz &#8211; [&hellip;]</p>
