{"id":254,"date":"2026-01-15T06:52:31","date_gmt":"2026-01-15T06:52:31","guid":{"rendered":"https:\/\/die-villa.at\/?page_id=254"},"modified":"2026-01-25T22:12:48","modified_gmt":"2026-01-25T21:12:48","slug":"forderverein","status":"publish","type":"page","link":"https:\/\/die-villa.at\/en\/forderverein\/","title":{"rendered":"Support association"},"content":{"rendered":"<div data-elementor-type=\"wp-page\" data-elementor-id=\"254\" class=\"elementor elementor-254\" data-elementor-post-type=\"page\">\n\t\t\t\t<div class=\"elementor-element elementor-element-bec833e e-flex e-con-boxed e-con e-parent\" data-id=\"bec833e\" data-element_type=\"container\" data-e-type=\"container\" data-settings=\"{&quot;background_background&quot;:&quot;classic&quot;}\">\n\t\t\t\t\t<div class=\"e-con-inner\">\n\t\t\t\t<div class=\"elementor-element elementor-element-ad146e7 elementor-pagination-position-inside elementor-skin-carousel elementor-arrows-yes elementor-pagination-type-bullets elementor-invisible elementor-widget elementor-widget-media-carousel\" data-id=\"ad146e7\" data-element_type=\"widget\" data-e-type=\"widget\" data-settings=\"{&quot;effect&quot;:&quot;fade&quot;,&quot;_animation&quot;:&quot;fadeIn&quot;,&quot;skin&quot;:&quot;carousel&quot;,&quot;show_arrows&quot;:&quot;yes&quot;,&quot;pagination&quot;:&quot;bullets&quot;,&quot;speed&quot;:500,&quot;autoplay&quot;:&quot;yes&quot;,&quot;autoplay_speed&quot;:5000,&quot;loop&quot;:&quot;yes&quot;,&quot;pause_on_hover&quot;:&quot;yes&quot;,&quot;pause_on_interaction&quot;:&quot;yes&quot;,&quot;space_between&quot;:{&quot;unit&quot;:&quot;px&quot;,&quot;size&quot;:10,&quot;sizes&quot;:[]},&quot;space_between_tablet&quot;:{&quot;unit&quot;:&quot;px&quot;,&quot;size&quot;:10,&quot;sizes&quot;:[]},&quot;space_between_mobile&quot;:{&quot;unit&quot;:&quot;px&quot;,&quot;size&quot;:10,&quot;sizes&quot;:[]}}\" data-widget_type=\"media-carousel.default\">\n\t\t\t\t\t\t\t\t\t\t<div class=\"elementor-main-swiper swiper\" role=\"region\" aria-roledescription=\"carousel\" aria-label=\"Slides\">\n\t\t\t\t<div class=\"swiper-wrapper\">\n\t\t\t\t\t\t\t\t\t\t\t<div class=\"swiper-slide\" role=\"group\" aria-roledescription=\"slide\">\n\t\t\t\t\t\t\t\t\t<div class=\"elementor-carousel-image\" role=\"img\" aria-label=\"00\" style=\"background-image: url(&#039;https:\/\/die-villa.at\/wp-content\/uploads\/2026\/01\/00.jpg&#039;)\">\n\n\t\t\t\n\t\t\t\t\t<\/div>\n\t\t\t\t\t\t\t\t<\/div>\n\t\t\t\t\t\t\t\t\t\t\t<div class=\"swiper-slide\" role=\"group\" aria-roledescription=\"slide\">\n\t\t\t\t\t\t\t\t\t<div class=\"elementor-carousel-image\" role=\"img\" aria-label=\"01 (1)\" style=\"background-image: url(&#039;https:\/\/die-villa.at\/wp-content\/uploads\/2026\/01\/01-1-2.jpg&#039;)\">\n\n\t\t\t\n\t\t\t\t\t<\/div>\n\t\t\t\t\t\t\t\t<\/div>\n\t\t\t\t\t\t\t\t\t<\/div>\n\t\t\t\t\t\t\t\t\t\t\t\t\t\t\t<div class=\"elementor-swiper-button elementor-swiper-button-prev\" role=\"button\" tabindex=\"0\" aria-label=\"Previous\">\n\t\t\t\t\t\t\t<svg aria-hidden=\"true\" class=\"e-font-icon-svg e-eicon-chevron-left\" viewbox=\"0 0 1000 1000\" xmlns=\"http:\/\/www.w3.org\/2000\/svg\"><path d=\"M646 125C629 125 613 133 604 142L308 442C296 454 292 471 292 487 292 504 296 521 308 533L604 854C617 867 629 875 646 875 663 875 679 871 692 858 704 846 713 829 713 812 713 796 708 779 692 767L438 487 692 225C700 217 708 204 708 187 708 171 704 154 692 142 675 129 663 125 646 125Z\"><\/path><\/svg>\t\t\t\t\t\t<\/div>\n\t\t\t\t\t\t<div class=\"elementor-swiper-button elementor-swiper-button-next\" role=\"button\" tabindex=\"0\" aria-label=\"Next\">\n\t\t\t\t\t\t\t<svg aria-hidden=\"true\" class=\"e-font-icon-svg e-eicon-chevron-right\" viewbox=\"0 0 1000 1000\" xmlns=\"http:\/\/www.w3.org\/2000\/svg\"><path d=\"M696 533C708 521 713 504 713 487 713 471 708 454 696 446L400 146C388 133 375 125 354 125 338 125 325 129 313 142 300 154 292 171 292 187 292 204 296 221 308 233L563 492 304 771C292 783 288 800 288 817 288 833 296 850 308 863 321 871 338 875 354 875 371 875 388 867 400 854L696 533Z\"><\/path><\/svg>\t\t\t\t\t\t<\/div>\n\t\t\t\t\t\t\t\t\t\t\t\t\t\t\t\t<div class=\"swiper-pagination\"><\/div>\n\t\t\t\t\t\t\t\t\t\t\t\t<\/div>\n\t\t\t\t\t\t\t\t<\/div>\n\t\t\t\t\t<\/div>\n\t\t\t\t<\/div>\n\t\t<div class=\"elementor-element elementor-element-9cabf4d e-flex e-con-boxed e-con e-parent\" data-id=\"9cabf4d\" data-element_type=\"container\" data-e-type=\"container\">\n\t\t\t\t\t<div class=\"e-con-inner\">\n\t\t<div class=\"elementor-element elementor-element-9bf5266 e-con-full elementor-hidden-mobile e-flex e-con e-child\" data-id=\"9bf5266\" data-element_type=\"container\" data-e-type=\"container\">\n\t\t\t\t<div class=\"elementor-element elementor-element-9daf7e8 elementor-hidden-mobile elementor-widget elementor-widget-template\" data-id=\"9daf7e8\" data-element_type=\"widget\" data-e-type=\"widget\" data-widget_type=\"template.default\">\n\t\t\t\t<div class=\"elementor-widget-container\">\n\t\t\t\t\t\t\t<div class=\"elementor-template\">\n\t\t\t\t\t<div data-elementor-type=\"section\" data-elementor-id=\"607\" class=\"elementor elementor-607\" data-elementor-post-type=\"elementor_library\">\n\t\t\t<div class=\"elementor-element elementor-element-6ff4155 e-con-full e-flex e-con e-child\" data-id=\"6ff4155\" data-element_type=\"container\" data-e-type=\"container\">\n\t\t\t\t<div class=\"elementor-element elementor-element-fac6851 elementor-widget elementor-widget-heading\" data-id=\"fac6851\" data-element_type=\"widget\" data-e-type=\"widget\" data-widget_type=\"heading.default\">\n\t\t\t\t\t<h2 class=\"elementor-heading-title elementor-size-default\">Dates (Theater)\n<\/h2>\t\t\t\t<\/div>\n\t\t\t\t<div class=\"elementor-element elementor-element-36ddcca elementor-icon-list--layout-traditional elementor-list-item-link-full_width elementor-widget elementor-widget-icon-list\" data-id=\"36ddcca\" data-element_type=\"widget\" data-e-type=\"widget\" data-widget_type=\"icon-list.default\">\n\t\t\t\t\t\t\t<ul class=\"elementor-icon-list-items\">\n\t\t\t\t\t\t\t<li class=\"elementor-icon-list-item\">\n\t\t\t\t\t\t\t\t\t\t\t<span class=\"elementor-icon-list-icon\">\n\t\t\t\t\t\t\t<svg aria-hidden=\"true\" class=\"e-font-icon-svg e-fas-chevron-right\" viewbox=\"0 0 320 512\" xmlns=\"http:\/\/www.w3.org\/2000\/svg\"><path d=\"M285.476 272.971L91.132 467.314c-9.373 9.373-24.569 9.373-33.941 0l-22.667-22.667c-9.357-9.357-9.375-24.522-.04-33.901L188.505 256 34.484 101.255c-9.335-9.379-9.317-24.544.04-33.901l22.667-22.667c9.373-9.373 24.569-9.373 33.941 0L285.475 239.03c9.373 9.372 9.373 24.568.001 33.941z\"><\/path><\/svg>\t\t\t\t\t\t<\/span>\n\t\t\t\t\t\t\t\t\t\t<span class=\"elementor-icon-list-text\">Terror - Staircase Theater<\/span>\n\t\t\t\t\t\t\t\t\t<\/li>\n\t\t\t\t\t\t<\/ul>\n\t\t\t\t\t\t<\/div>\n\t\t\t\t<div class=\"elementor-element elementor-element-17bc3a3 elementor-widget elementor-widget-text-editor\" data-id=\"17bc3a3\" data-element_type=\"widget\" data-e-type=\"widget\" data-widget_type=\"text-editor.default\">\n\t\t\t\t\t\t\t\t\t<p>Friday, March 01, 2024<br \/>Saturday, March 02, 2024<br \/>Friday, March 08, 2024<br \/>Saturday, March 09, 2024<br \/>Sunday, March 10, 2024<\/p>\t\t\t\t\t\t\t\t<\/div>\n\t\t\t\t<div class=\"elementor-element elementor-element-46acf69 elementor-icon-list--layout-traditional elementor-list-item-link-full_width elementor-widget elementor-widget-icon-list\" data-id=\"46acf69\" data-element_type=\"widget\" data-e-type=\"widget\" data-widget_type=\"icon-list.default\">\n\t\t\t\t\t\t\t<ul class=\"elementor-icon-list-items\">\n\t\t\t\t\t\t\t<li class=\"elementor-icon-list-item\">\n\t\t\t\t\t\t\t\t\t\t\t<a href=\"https:\/\/die-villa.at\/en\/konzerte-termine\/\">\n\n\t\t\t\t\t\t\t\t\t\t\t\t<span class=\"elementor-icon-list-icon\">\n\t\t\t\t\t\t\t<svg aria-hidden=\"true\" class=\"e-font-icon-svg e-fas-chevron-right\" viewbox=\"0 0 320 512\" xmlns=\"http:\/\/www.w3.org\/2000\/svg\"><path d=\"M285.476 272.971L91.132 467.314c-9.373 9.373-24.569 9.373-33.941 0l-22.667-22.667c-9.357-9.357-9.375-24.522-.04-33.901L188.505 256 34.484 101.255c-9.335-9.379-9.317-24.544.04-33.901l22.667-22.667c9.373-9.373 24.569-9.373 33.941 0L285.475 239.03c9.373 9.372 9.373 24.568.001 33.941z\"><\/path><\/svg>\t\t\t\t\t\t<\/span>\n\t\t\t\t\t\t\t\t\t\t<span class=\"elementor-icon-list-text\">more...<\/span>\n\t\t\t\t\t\t\t\t\t\t\t<\/a>\n\t\t\t\t\t\t\t\t\t<\/li>\n\t\t\t\t\t\t<\/ul>\n\t\t\t\t\t\t<\/div>\n\t\t\t\t<\/div>\n\t\t\t\t<\/div>\n\t\t\t\t<\/div>\n\t\t\t\t\t\t<\/div>\n\t\t\t\t<\/div>\n\t\t\t\t<\/div>\n\t\t<div class=\"elementor-element elementor-element-0bad64c e-con-full e-flex e-con e-child\" data-id=\"0bad64c\" data-element_type=\"container\" data-e-type=\"container\">\n\t\t\t\t<div class=\"elementor-element elementor-element-63a1400 elementor-widget elementor-widget-heading\" data-id=\"63a1400\" data-element_type=\"widget\" data-e-type=\"widget\" data-widget_type=\"heading.default\">\n\t\t\t\t\t<h2 class=\"elementor-heading-title elementor-size-default\">F\u00f6rderverein \"Freunde der Villa\"\n<\/h2>\t\t\t\t<\/div>\n\t\t\t\t<div class=\"elementor-element elementor-element-58942df elementor-widget elementor-widget-text-editor\" data-id=\"58942df\" data-element_type=\"widget\" data-e-type=\"widget\" data-widget_type=\"text-editor.default\">\n\t\t\t\t\t\t\t\t\t<p>Der Kulturf\u00f6rderverein &#8220;Freunde der Villa e.V.&#8221; wurde am 3. Dezember 2004 gegr\u00fcndet. Diese nicht auf Gewinn gerichtete Vereinigung von Kunst- und Kulturliebhabern hatte sich zur Aufgabe gestellt, das Kulturzentrum &#8220;DIE VILLA&#8221; in seinem Bem\u00fchen um V\u00f6lkerverst\u00e4ndigung, um die Bereicherung des Kulturlebens in der Region, um die F\u00f6rderung junger K\u00fcnstler und um die musikalische und pers\u00f6nliche F\u00f6rderung und Weiterbildung der Jugend ideell und materiell zu unterst\u00fctzen, und die in der Region einzigartige Kulturbegegnungsst\u00e4tte &#8220;DIE VILLA&#8221; weltweit bekannt zu machen.<br \/><br \/>Um diese Aufgaben erf\u00fcllen zu k\u00f6nnen, war der F\u00f6rderverein auf viele Mitglieder und Sponsoren angewiesen, die die Villa jahrelang tatkr\u00e4ftig unterst\u00fctzt haben. An dieser Stelle ein riesen gro\u00dfes Dankesch\u00f6n an die ehemaligen Mitgliederinnen und Mitglieder!<\/p><p>Der Verein wurde im Fr\u00fchjahr 2022 aufgel\u00f6st, nachdem in der Villa nur noch wenige Veranstaltungen stattgefunden haben und es daher keine f\u00f6rderbaren Projekte mehr gab.<\/p>\t\t\t\t\t\t\t\t<\/div>\n\t\t\t\t<\/div>\n\t\t\t\t\t<\/div>\n\t\t\t\t<\/div>\n\t\t\t\t<\/div>","protected":false},"excerpt":{"rendered":"<p>&nbsp; F\u00f6rderverein &#8220;Freunde der Villa&#8221; Der Kulturf\u00f6rderverein &#8220;Freunde der Villa e.V.&#8221; wurde am 3. Dezember 2004 gegr\u00fcndet. Diese nicht auf Gewinn gerichtete Vereinigung von Kunst- und Kulturliebhabern hatte sich zur Aufgabe gestellt, das Kulturzentrum &#8220;DIE VILLA&#8221; in seinem Bem\u00fchen um V\u00f6lkerverst\u00e4ndigung, um die Bereicherung des Kulturlebens in der Region, um die F\u00f6rderung junger K\u00fcnstler und [&hellip;]<\/p>\n","protected":false},"author":2,"featured_media":0,"parent":0,"menu_order":0,"comment_status":"closed","ping_status":"closed","template":"elementor_header_footer","meta":{"footnotes":""},"class_list":["post-254","page","type-page","status-publish","hentry"],"_links":{"self":[{"href":"https:\/\/die-villa.at\/en\/wp-json\/wp\/v2\/pages\/254","targetHints":{"allow":["GET"]}}],"collection":[{"href":"https:\/\/die-villa.at\/en\/wp-json\/wp\/v2\/pages"}],"about":[{"href":"https:\/\/die-villa.at\/en\/wp-json\/wp\/v2\/types\/page"}],"author":[{"embeddable":true,"href":"https:\/\/die-villa.at\/en\/wp-json\/wp\/v2\/users\/2"}],"replies":[{"embeddable":true,"href":"https:\/\/die-villa.at\/en\/wp-json\/wp\/v2\/comments?post=254"}],"version-history":[{"count":10,"href":"https:\/\/die-villa.at\/en\/wp-json\/wp\/v2\/pages\/254\/revisions"}],"predecessor-version":[{"id":716,"href":"https:\/\/die-villa.at\/en\/wp-json\/wp\/v2\/pages\/254\/revisions\/716"}],"wp:attachment":[{"href":"https:\/\/die-villa.at\/en\/wp-json\/wp\/v2\/media?parent=254"}],"curies":[{"name":"wp","href":"https:\/\/api.w.org\/{rel}","templated":true}]}}

<div data-elementor-type="wp-page" data-elementor-id="254" class="elementor elementor-254" data-elementor-post-type="page">
				<div class="elementor-element elementor-element-bec833e e-flex e-con-boxed e-con e-parent" data-id="bec833e" data-element_type="container" data-e-type="container" data-settings="{&quot;background_background&quot;:&quot;classic&quot;}">
					<div class="e-con-inner">
				<div class="elementor-element elementor-element-ad146e7 elementor-pagination-position-inside elementor-skin-carousel elementor-arrows-yes elementor-pagination-type-bullets elementor-invisible elementor-widget elementor-widget-media-carousel" data-id="ad146e7" data-element_type="widget" data-e-type="widget" data-settings="{&quot;effect&quot;:&quot;fade&quot;,&quot;_animation&quot;:&quot;fadeIn&quot;,&quot;skin&quot;:&quot;carousel&quot;,&quot;show_arrows&quot;:&quot;yes&quot;,&quot;pagination&quot;:&quot;bullets&quot;,&quot;speed&quot;:500,&quot;autoplay&quot;:&quot;yes&quot;,&quot;autoplay_speed&quot;:5000,&quot;loop&quot;:&quot;yes&quot;,&quot;pause_on_hover&quot;:&quot;yes&quot;,&quot;pause_on_interaction&quot;:&quot;yes&quot;,&quot;space_between&quot;:{&quot;unit&quot;:&quot;px&quot;,&quot;size&quot;:10,&quot;sizes&quot;:[]},&quot;space_between_tablet&quot;:{&quot;unit&quot;:&quot;px&quot;,&quot;size&quot;:10,&quot;sizes&quot;:[]},&quot;space_between_mobile&quot;:{&quot;unit&quot;:&quot;px&quot;,&quot;size&quot;:10,&quot;sizes&quot;:[]}}" data-widget_type="media-carousel.default">
										<div class="elementor-main-swiper swiper" role="region" aria-roledescription="carousel" aria-label="Slides">
				<div class="swiper-wrapper">
											<div class="swiper-slide" role="group" aria-roledescription="slide">
									<div class="elementor-carousel-image" role="img" aria-label="00" style="background-image: url(&#039;https://die-villa.at/wp-content/uploads/2026/01/00.jpg&#039;)">

			
					</div>
								</div>
											<div class="swiper-slide" role="group" aria-roledescription="slide">
									<div class="elementor-carousel-image" role="img" aria-label="01 (1)" style="background-image: url(&#039;https://die-villa.at/wp-content/uploads/2026/01/01-1-2.jpg&#039;)">

			
					</div>
								</div>
									</div>
															<div class="elementor-swiper-button elementor-swiper-button-prev" role="button" tabindex="0" aria-label="Previous">
							<svg aria-hidden="true" class="e-font-icon-svg e-eicon-chevron-left" viewbox="0 0 1000 1000" xmlns="http://www.w3.org/2000/svg"><path d="M646 125C629 125 613 133 604 142L308 442C296 454 292 471 292 487 292 504 296 521 308 533L604 854C617 867 629 875 646 875 663 875 679 871 692 858 704 846 713 829 713 812 713 796 708 779 692 767L438 487 692 225C700 217 708 204 708 187 708 171 704 154 692 142 675 129 663 125 646 125Z"></path></svg>						</div>
						<div class="elementor-swiper-button elementor-swiper-button-next" role="button" tabindex="0" aria-label="Next">
							<svg aria-hidden="true" class="e-font-icon-svg e-eicon-chevron-right" viewbox="0 0 1000 1000" xmlns="http://www.w3.org/2000/svg"><path d="M696 533C708 521 713 504 713 487 713 471 708 454 696 446L400 146C388 133 375 125 354 125 338 125 325 129 313 142 300 154 292 171 292 187 292 204 296 221 308 233L563 492 304 771C292 783 288 800 288 817 288 833 296 850 308 863 321 871 338 875 354 875 371 875 388 867 400 854L696 533Z"></path></svg>						</div>
																<div class="swiper-pagination"></div>
												</div>
								</div>
					</div>
				</div>
		<div class="elementor-element elementor-element-9cabf4d e-flex e-con-boxed e-con e-parent" data-id="9cabf4d" data-element_type="container" data-e-type="container">
					<div class="e-con-inner">
		<div class="elementor-element elementor-element-9bf5266 e-con-full elementor-hidden-mobile e-flex e-con e-child" data-id="9bf5266" data-element_type="container" data-e-type="container">
				<div class="elementor-element elementor-element-9daf7e8 elementor-hidden-mobile elementor-widget elementor-widget-template" data-id="9daf7e8" data-element_type="widget" data-e-type="widget" data-widget_type="template.default">
				<div class="elementor-widget-container">
							<div class="elementor-template">
					<div data-elementor-type="section" data-elementor-id="607" class="elementor elementor-607" data-elementor-post-type="elementor_library">
			<div class="elementor-element elementor-element-6ff4155 e-con-full e-flex e-con e-child" data-id="6ff4155" data-element_type="container" data-e-type="container">
				<div class="elementor-element elementor-element-fac6851 elementor-widget elementor-widget-heading" data-id="fac6851" data-element_type="widget" data-e-type="widget" data-widget_type="heading.default">
					<h2 class="elementor-heading-title elementor-size-default">Dates (Theater)
</h2>				</div>
				<div class="elementor-element elementor-element-36ddcca elementor-icon-list--layout-traditional elementor-list-item-link-full_width elementor-widget elementor-widget-icon-list" data-id="36ddcca" data-element_type="widget" data-e-type="widget" data-widget_type="icon-list.default">
							<ul class="elementor-icon-list-items">
							<li class="elementor-icon-list-item">
											<span class="elementor-icon-list-icon">
							<svg aria-hidden="true" class="e-font-icon-svg e-fas-chevron-right" viewbox="0 0 320 512" xmlns="http://www.w3.org/2000/svg"><path d="M285.476 272.971L91.132 467.314c-9.373 9.373-24.569 9.373-33.941 0l-22.667-22.667c-9.357-9.357-9.375-24.522-.04-33.901L188.505 256 34.484 101.255c-9.335-9.379-9.317-24.544.04-33.901l22.667-22.667c9.373-9.373 24.569-9.373 33.941 0L285.475 239.03c9.373 9.372 9.373 24.568.001 33.941z"></path></svg>						</span>
										<span class="elementor-icon-list-text">Terror - Staircase Theater</span>
									</li>
						</ul>
						</div>
				<div class="elementor-element elementor-element-17bc3a3 elementor-widget elementor-widget-text-editor" data-id="17bc3a3" data-element_type="widget" data-e-type="widget" data-widget_type="text-editor.default">
									<p>Friday, March 01, 2024<br />Saturday, March 02, 2024<br />Friday, March 08, 2024<br />Saturday, March 09, 2024<br />Sunday, March 10, 2024</p>								</div>
				<div class="elementor-element elementor-element-46acf69 elementor-icon-list--layout-traditional elementor-list-item-link-full_width elementor-widget elementor-widget-icon-list" data-id="46acf69" data-element_type="widget" data-e-type="widget" data-widget_type="icon-list.default">
							<ul class="elementor-icon-list-items">
							<li class="elementor-icon-list-item">
											<a href="https://die-villa.at/en/konzerte-termine/">

												<span class="elementor-icon-list-icon">
							<svg aria-hidden="true" class="e-font-icon-svg e-fas-chevron-right" viewbox="0 0 320 512" xmlns="http://www.w3.org/2000/svg"><path d="M285.476 272.971L91.132 467.314c-9.373 9.373-24.569 9.373-33.941 0l-22.667-22.667c-9.357-9.357-9.375-24.522-.04-33.901L188.505 256 34.484 101.255c-9.335-9.379-9.317-24.544.04-33.901l22.667-22.667c9.373-9.373 24.569-9.373 33.941 0L285.475 239.03c9.373 9.372 9.373 24.568.001 33.941z"></path></svg>						</span>
										<span class="elementor-icon-list-text">more...</span>
											</a>
									</li>
						</ul>
						</div>
				</div>
				</div>
				</div>
						</div>
				</div>
				</div>
		<div class="elementor-element elementor-element-0bad64c e-con-full e-flex e-con e-child" data-id="0bad64c" data-element_type="container" data-e-type="container">
				<div class="elementor-element elementor-element-63a1400 elementor-widget elementor-widget-heading" data-id="63a1400" data-element_type="widget" data-e-type="widget" data-widget_type="heading.default">
					<h2 class="elementor-heading-title elementor-size-default">Förderverein "Freunde der Villa"
</h2>				</div>
				<div class="elementor-element elementor-element-58942df elementor-widget elementor-widget-text-editor" data-id="58942df" data-element_type="widget" data-e-type="widget" data-widget_type="text-editor.default">
									<p>Der Kulturförderverein &#8220;Freunde der Villa e.V.&#8221; wurde am 3. Dezember 2004 gegründet. Diese nicht auf Gewinn gerichtete Vereinigung von Kunst- und Kulturliebhabern hatte sich zur Aufgabe gestellt, das Kulturzentrum &#8220;DIE VILLA&#8221; in seinem Bemühen um Völkerverständigung, um die Bereicherung des Kulturlebens in der Region, um die Förderung junger Künstler und um die musikalische und persönliche Förderung und Weiterbildung der Jugend ideell und materiell zu unterstützen, und die in der Region einzigartige Kulturbegegnungsstätte &#8220;DIE VILLA&#8221; weltweit bekannt zu machen.<br /><br />Um diese Aufgaben erfüllen zu können, war der Förderverein auf viele Mitglieder und Sponsoren angewiesen, die die Villa jahrelang tatkräftig unterstützt haben. An dieser Stelle ein riesen großes Dankeschön an die ehemaligen Mitgliederinnen und Mitglieder!</p><p>Der Verein wurde im Frühjahr 2022 aufgelöst, nachdem in der Villa nur noch wenige Veranstaltungen stattgefunden haben und es daher keine förderbaren Projekte mehr gab.</p>								</div>
				</div>
					</div>
				</div>
				</div>

<p>&nbsp; Förderverein &#8220;Freunde der Villa&#8221; Der Kulturförderverein &#8220;Freunde der Villa e.V.&#8221; wurde am 3. Dezember 2004 gegründet. Diese nicht auf Gewinn gerichtete Vereinigung von Kunst- und Kulturliebhabern hatte sich zur Aufgabe gestellt, das Kulturzentrum &#8220;DIE VILLA&#8221; in seinem Bemühen um Völkerverständigung, um die Bereicherung des Kulturlebens in der Region, um die Förderung junger Künstler und [&hellip;]</p>
